{"id":760,"date":"2021-08-24T23:58:00","date_gmt":"2021-08-24T23:58:00","guid":{"rendered":"https:\/\/hermanasdelaveracruz.avir.consulting\/?page_id=760"},"modified":"2021-09-23T01:32:35","modified_gmt":"2021-09-23T01:32:35","slug":"calendario","status":"publish","type":"page","link":"https:\/\/hermanasdelaveracruz.avir.consulting\/?page_id=760","title":{"rendered":"Calendario"},"content":{"rendered":"\t\t<div data-elementor-type=\"wp-page\" data-elementor-id=\"760\" class=\"elementor elementor-760\">\n\t\t\t\t\t\t<section class=\"elementor-section elementor-top-section elementor-element elementor-element-ddcab50 elementor-section-full_width elementor-section-height-full elementor-section-items-top elementor-section-stretched elementor-section-height-default parallax_section_no qode_elementor_container_no\" data-id=\"ddcab50\" data-element_type=\"section\" data-e-type=\"section\" data-settings=\"{&quot;stretch_section&quot;:&quot;section-stretched&quot;,&quot;background_background&quot;:&quot;classic&quot;}\">\n\t\t\t\t\t\t<div class=\"elementor-container elementor-column-gap-default\">\n\t\t\t\t\t<div class=\"elementor-column elementor-col-100 elementor-top-column elementor-element elementor-element-f69b55f\" data-id=\"f69b55f\" data-element_type=\"column\" data-e-type=\"column\">\n\t\t\t<div class=\"elementor-widget-wrap elementor-element-populated\">\n\t\t\t\t\t\t<div class=\"elementor-element elementor-element-45ea1cd elementor-widget elementor-widget-image\" data-id=\"45ea1cd\" data-element_type=\"widget\" data-e-type=\"widget\" data-widget_type=\"image.default\">\n\t\t\t\t<div class=\"elementor-widget-container\">\n\t\t\t\t\t\t\t\t\t\t\t\t\t\t\t<img fetchpriority=\"high\" decoding=\"async\" width=\"1920\" height=\"1054\" src=\"https:\/\/hermanasdelaveracruz.avir.consulting\/wp-content\/uploads\/2021\/09\/Fondo-Calendario.jpg\" class=\"attachment-full size-full wp-image-1555\" alt=\"\" srcset=\"https:\/\/hermanasdelaveracruz.avir.consulting\/wp-content\/uploads\/2021\/09\/Fondo-Calendario.jpg 1920w, https:\/\/hermanasdelaveracruz.avir.consulting\/wp-content\/uploads\/2021\/09\/Fondo-Calendario-300x165.jpg 300w, https:\/\/hermanasdelaveracruz.avir.consulting\/wp-content\/uploads\/2021\/09\/Fondo-Calendario-1024x562.jpg 1024w, https:\/\/hermanasdelaveracruz.avir.consulting\/wp-content\/uploads\/2021\/09\/Fondo-Calendario-768x422.jpg 768w, https:\/\/hermanasdelaveracruz.avir.consulting\/wp-content\/uploads\/2021\/09\/Fondo-Calendario-1536x843.jpg 1536w, https:\/\/hermanasdelaveracruz.avir.consulting\/wp-content\/uploads\/2021\/09\/Fondo-Calendario-700x384.jpg 700w\" sizes=\"(max-width: 1920px) 100vw, 1920px\" \/>\t\t\t\t\t\t\t\t\t\t\t\t\t\t\t<\/div>\n\t\t\t\t<\/div>\n\t\t\t\t\t<\/div>\n\t\t<\/div>\n\t\t\t\t\t<\/div>\n\t\t<\/section>\n\t\t\t\t<section class=\"elementor-section elementor-top-section elementor-element elementor-element-79ea8c4 elementor-section-stretched elementor-section-boxed elementor-section-height-default elementor-section-height-default parallax_section_no qode_elementor_container_no\" data-id=\"79ea8c4\" data-element_type=\"section\" data-e-type=\"section\" data-settings=\"{&quot;stretch_section&quot;:&quot;section-stretched&quot;}\">\n\t\t\t\t\t\t<div class=\"elementor-container elementor-column-gap-default\">\n\t\t\t\t\t<div class=\"elementor-column elementor-col-100 elementor-top-column elementor-element elementor-element-012cc58\" data-id=\"012cc58\" data-element_type=\"column\" data-e-type=\"column\">\n\t\t\t<div class=\"elementor-widget-wrap elementor-element-populated\">\n\t\t\t\t\t\t<div class=\"elementor-element elementor-element-25c87a0 elementor-widget elementor-widget-image\" data-id=\"25c87a0\" data-element_type=\"widget\" data-e-type=\"widget\" data-widget_type=\"image.default\">\n\t\t\t\t<div class=\"elementor-widget-container\">\n\t\t\t\t\t\t\t\t\t\t\t\t\t\t\t<img decoding=\"async\" src=\"https:\/\/hermanasdelaveracruz.avir.consulting\/wp-content\/uploads\/elementor\/thumbs\/monjita-ivc-1-pdf24apzxioayyr21duvh5p0uy002cyf18p4ue752o.png\" title=\"monjita ivc (1)\" alt=\"monjita ivc (1)\" loading=\"lazy\" \/>\t\t\t\t\t\t\t\t\t\t\t\t\t\t\t<\/div>\n\t\t\t\t<\/div>\n\t\t\t\t<div class=\"elementor-element elementor-element-63a45de elementor-widget elementor-widget-text-editor\" data-id=\"63a45de\" data-element_type=\"widget\" data-e-type=\"widget\" data-widget_type=\"text-editor.default\">\n\t\t\t\t<div class=\"elementor-widget-container\">\n\t\t\t\t\t\t\t\t\t<div class=\"dp_pec_calendar_default pec_skin_light dp_pec_monthly \" id=\"dp_pec_id153654842\"><div class=\"dp_pec_top_nav\"><a class='dpProEventCalendar_feed pec-ical' href='webcals:\/\/hermanasdelaveracruz.avir.consulting\/?pec-ical=1'><i class='fa fa-calendar-plus-o'><\/i><span>iCal<\/span><\/a><div class=\"dp_pec_clear\"><\/div><\/div><div class=\"dp_pec_clear\"><\/div><div class=\"dp_pec_wrapper dp_pec_dw_layout_list dp_pec_calendar_1 dp_pec_monthly pec_no_skin pec_skin_light\"><div class=\"dp_pec_nav dp_pec_nav_monthly\" ><span class=\"next_month\"><i class=\"fa fa-chevron-right\"><\/i><\/span><span class=\"prev_month\"><i class=\"fa fa-chevron-left\"><\/i><\/span><select autocomplete=\"off\" class=\"pec_switch_month\"><option value=\"Enero\" >Enero<\/option><option value=\"Febrero\" >Febrero<\/option><option value=\"Marzo\" >Marzo<\/option><option value=\"Abril\" >Abril<\/option><option value=\"Mayo\" >Mayo<\/option><option value=\"Junio\" >Junio<\/option><option value=\"Julio\" >Julio<\/option><option value=\"Agosto\" selected=\"selected\">Agosto<\/option><option value=\"Septiembre\" >Septiembre<\/option><option value=\"Octubre\" >Octubre<\/option><option value=\"Noviembre\" >Noviembre<\/option><option value=\"Diciembre\" >Diciembre<\/option><\/select><select autocomplete=\"off\" class=\"pec_switch_year\"><option value=\"2024\" >2024<\/option><option value=\"2025\" >2025<\/option><option value=\"2026\" >2026<\/option><option value=\"2027\" >2027<\/option><option value=\"2028\" >2028<\/option><option value=\"2029\" >2029<\/option><\/select><div class=\"dp_pec_clear\"><\/div><\/div><div class=\"dp_pec_nav dp_pec_nav_daily\" style='display:none;'><span class=\"next_day\"><i class=\"fa fa-chevron-right\"><\/i><\/span><span class=\"prev_day\"><i class=\"fa fa-chevron-left\"><\/i><\/span><span class=\"pec_today\">HOY<\/span><span class=\"actual_day\">Agosto 23, 2021<\/span><div class=\"dp_pec_clear\"><\/div><\/div><div class=\"dp_pec_nav dp_pec_nav_weekly\" style='display:none;'><span class=\"next_week\"><i class=\"fa fa-chevron-right\"><\/i><\/span><span class=\"prev_week\"><i class=\"fa fa-chevron-left\"><\/i><\/span><span class=\"pec_today\">HOY<\/span><span class=\"actual_week\">22 &#8211; 28 Agosto, 2021<\/span><div class=\"dp_pec_clear\"><\/div><\/div><div class=\"dp_pec_layout\"><div class=\"dp_pec_layout_right\"><a href=\"#\" class=\"dp_pec_view_all dp_pec_btnright\" data-translation-list=\"List View\" data-translation-calendar=\"Calendar View\">List View\t<\/a><\/div><div class=\"dp_pec_clear\"><\/div><\/div><div style=\"clear:both;\"><\/div><div class=\"dp_pec_content\"><div class=\"dp_pec_monthly_grid\">\r\n\t\t\t\t\t <div class=\"dp_pec_dayname dp_pec_dayname_sunday\">\r\n\t\t\t\t\t\t<div class=\"dp_pec_dayname_item\">\r\n\t\t\t\t\t\t\t<span>Sunday<\/span>\r\n\t\t\t\t\t \t<\/div>\r\n\t\t\t\t\t <\/div>\r\n\t\t\t\t\t <div class=\"dp_pec_dayname dp_pec_dayname_monday\">\r\n\t\t\t\t\t\t<div class=\"dp_pec_dayname_item\">\t\r\n\t\t\t\t\t\t\t<span>Monday<\/span>\r\n\t\t\t\t\t \t<\/div>\r\n\t\t\t\t\t <\/div>\r\n\t\t\t\t\t <div class=\"dp_pec_dayname dp_pec_dayname_tuesday\">\r\n\t\t\t\t\t\t<div class=\"dp_pec_dayname_item\">\t\r\n\t\t\t\t\t\t\t<span>Tuesday<\/span>\r\n\t\t\t\t\t \t<\/div>\r\n\t\t\t\t\t <\/div>\r\n\t\t\t\t\t <div class=\"dp_pec_dayname dp_pec_dayname_wednesday\">\r\n\t\t\t\t\t\t<div class=\"dp_pec_dayname_item\">\r\n\t\t\t\t\t\t\t<span>Wednesday<\/span>\r\n\t\t\t\t\t \t<\/div>\r\n\t\t\t\t\t <\/div>\r\n\t\t\t\t\t <div class=\"dp_pec_dayname dp_pec_dayname_thursday\">\r\n\t\t\t\t\t\t<div class=\"dp_pec_dayname_item\">\t\r\n\t\t\t\t\t\t\t<span>Thursday<\/span>\r\n\t\t\t\t\t \t<\/div>\r\n\t\t\t\t\t <\/div>\r\n\t\t\t\t\t <div class=\"dp_pec_dayname dp_pec_dayname_friday\">\r\n\t\t\t\t\t\t<div class=\"dp_pec_dayname_item\">\t\r\n\t\t\t\t\t\t\t<span>Friday<\/span>\r\n\t\t\t\t\t \t<\/div>\r\n\t\t\t\t\t <\/div>\r\n\t\t\t\t\t <div class=\"dp_pec_dayname dp_pec_dayname_saturday\">\r\n\t\t\t\t\t\t<div class=\"dp_pec_dayname_item\">\t\r\n\t\t\t\t\t\t\t<span>Saturday<\/span>\r\n\t\t\t\t\t \t<\/div>\r\n\t\t\t\t\t <\/div>\r\n\t\t\t\t\t \r\n\t\t\t\t\t\t<div class=\"dp_pec_date dp_pec_date_sunday  first-child \" data-dppec-date=\"2021-08-01\">\r\n\t\t\t\t\t\t\t<div class=\"dp_pec_date_item\" ><div class=\"dp_special_date_dot\" ><\/div><div class=\"dp_date_head\"><span>01<\/span><\/div>\r\n\t\t\t\t\t\t\t<div class=\"pec_monthlyDisplayEvents\"><\/div>\r\n\t\t\t\t\t\t\t<\/div>\r\n\t\t\t\t\t\t<\/div>\r\n\t\t\t\t\t\t<div class=\"dp_pec_date dp_pec_date_monday   \" data-dppec-date=\"2021-08-02\">\r\n\t\t\t\t\t\t\t<div class=\"dp_pec_date_item\" ><div class=\"dp_special_date_dot\" ><\/div><div class=\"dp_date_head\"><span>02<\/span><\/div>\r\n\t\t\t\t\t\t\t<div class=\"pec_monthlyDisplayEvents\"><\/div>\r\n\t\t\t\t\t\t\t<\/div>\r\n\t\t\t\t\t\t<\/div>\r\n\t\t\t\t\t\t<div class=\"dp_pec_date dp_pec_date_tuesday   \" data-dppec-date=\"2021-08-03\">\r\n\t\t\t\t\t\t\t<div class=\"dp_pec_date_item\" ><div class=\"dp_special_date_dot\" ><\/div><div class=\"dp_date_head\"><span>03<\/span><\/div>\r\n\t\t\t\t\t\t\t<div class=\"pec_monthlyDisplayEvents\"><\/div>\r\n\t\t\t\t\t\t\t<\/div>\r\n\t\t\t\t\t\t<\/div>\r\n\t\t\t\t\t\t<div class=\"dp_pec_date dp_pec_date_wednesday   \" data-dppec-date=\"2021-08-04\">\r\n\t\t\t\t\t\t\t<div class=\"dp_pec_date_item\" ><div class=\"dp_special_date_dot\" ><\/div><div class=\"dp_date_head\"><span>04<\/span><\/div>\r\n\t\t\t\t\t\t\t<div class=\"pec_monthlyDisplayEvents\"><\/div>\r\n\t\t\t\t\t\t\t<\/div>\r\n\t\t\t\t\t\t<\/div>\r\n\t\t\t\t\t\t<div class=\"dp_pec_date dp_pec_date_thursday   \" data-dppec-date=\"2021-08-05\">\r\n\t\t\t\t\t\t\t<div class=\"dp_pec_date_item\" ><div class=\"dp_special_date_dot\" ><\/div><div class=\"dp_date_head\"><span>05<\/span><\/div>\r\n\t\t\t\t\t\t\t<div class=\"pec_monthlyDisplayEvents\"><\/div>\r\n\t\t\t\t\t\t\t<\/div>\r\n\t\t\t\t\t\t<\/div>\r\n\t\t\t\t\t\t<div class=\"dp_pec_date dp_pec_date_friday pec_has_events  \" data-dppec-date=\"2021-08-06\">\r\n\t\t\t\t\t\t\t<div class=\"dp_pec_date_item\" ><div class=\"dp_special_date_dot\" ><\/div><div class=\"dp_date_head\"><span>06<\/span><\/div>\r\n\t\t\t\t\t\t\t<div class=\"pec_monthlyDisplayEvents\"><a class=\"dp_daily_event\" style=\"\" data-dppec-event=\"943\" href=\"#\"  data-dppec-date=\"2021-08-06\"><strong>All Day<\/strong><br>Transfiguraci\u00f3n del Se\u00f1or<\/a><\/div>\r\n\t\t\t\t\t\t\t<span class=\"dp_count_events\" style=\"display:none\">1<\/span>\r\n\t\t\t\t\t\t\t<div class=\"eventsPreview\">\r\n\t\t\t\t\t\t\t\t<ul>\r\n\t\t\t\t\t\t\t<li data-dppec-event=\"943\"><span>All Day<\/span><h4>Transfiguraci\u00f3n del Se\u00f1or<\/h4><div class=\"dp_pec_clear\"><\/div><\/li>\r\n\t\t\t\t\t\t\t\t<\/ul>\r\n\t\t\t\t\t\t\t<\/div><\/div>\r\n\t\t\t\t\t\t<\/div>\r\n\t\t\t\t\t\t<div class=\"dp_pec_date dp_pec_date_saturday   \" data-dppec-date=\"2021-08-07\">\r\n\t\t\t\t\t\t\t<div class=\"dp_pec_date_item\" ><div class=\"dp_special_date_dot\" ><\/div><div class=\"dp_date_head\"><span>07<\/span><\/div>\r\n\t\t\t\t\t\t\t<div class=\"pec_monthlyDisplayEvents\"><\/div>\r\n\t\t\t\t\t\t\t<\/div>\r\n\t\t\t\t\t\t<\/div>\r\n\t\t\t\t\t\t<div class=\"dp_pec_date dp_pec_date_sunday  first-child \" data-dppec-date=\"2021-08-08\">\r\n\t\t\t\t\t\t\t<div class=\"dp_pec_date_item\" ><div class=\"dp_special_date_dot\" ><\/div><div class=\"dp_date_head\"><span>08<\/span><\/div>\r\n\t\t\t\t\t\t\t<div class=\"pec_monthlyDisplayEvents\"><\/div>\r\n\t\t\t\t\t\t\t<\/div>\r\n\t\t\t\t\t\t<\/div>\r\n\t\t\t\t\t\t<div class=\"dp_pec_date dp_pec_date_monday   \" data-dppec-date=\"2021-08-09\">\r\n\t\t\t\t\t\t\t<div class=\"dp_pec_date_item\" ><div class=\"dp_special_date_dot\" ><\/div><div class=\"dp_date_head\"><span>09<\/span><\/div>\r\n\t\t\t\t\t\t\t<div class=\"pec_monthlyDisplayEvents\"><\/div>\r\n\t\t\t\t\t\t\t<\/div>\r\n\t\t\t\t\t\t<\/div>\r\n\t\t\t\t\t\t<div class=\"dp_pec_date dp_pec_date_tuesday   \" data-dppec-date=\"2021-08-10\">\r\n\t\t\t\t\t\t\t<div class=\"dp_pec_date_item\" ><div class=\"dp_special_date_dot\" ><\/div><div class=\"dp_date_head\"><span>10<\/span><\/div>\r\n\t\t\t\t\t\t\t<div class=\"pec_monthlyDisplayEvents\"><\/div>\r\n\t\t\t\t\t\t\t<\/div>\r\n\t\t\t\t\t\t<\/div>\r\n\t\t\t\t\t\t<div class=\"dp_pec_date dp_pec_date_wednesday   \" data-dppec-date=\"2021-08-11\">\r\n\t\t\t\t\t\t\t<div class=\"dp_pec_date_item\" ><div class=\"dp_special_date_dot\" ><\/div><div class=\"dp_date_head\"><span>11<\/span><\/div>\r\n\t\t\t\t\t\t\t<div class=\"pec_monthlyDisplayEvents\"><\/div>\r\n\t\t\t\t\t\t\t<\/div>\r\n\t\t\t\t\t\t<\/div>\r\n\t\t\t\t\t\t<div class=\"dp_pec_date dp_pec_date_thursday pec_has_events  \" data-dppec-date=\"2021-08-12\">\r\n\t\t\t\t\t\t\t<div class=\"dp_pec_date_item\" ><div class=\"dp_special_date_dot\" ><\/div><div class=\"dp_date_head\"><span>12<\/span><\/div>\r\n\t\t\t\t\t\t\t<div class=\"pec_monthlyDisplayEvents\"><a class=\"dp_daily_event\" style=\"\" data-dppec-event=\"944\" href=\"#\"  data-dppec-date=\"2021-08-12\"><strong>All Day<\/strong><br>Fundaci\u00f3n del colegio de San&hellip;<\/a><\/div>\r\n\t\t\t\t\t\t\t<span class=\"dp_count_events\" style=\"display:none\">1<\/span>\r\n\t\t\t\t\t\t\t<div class=\"eventsPreview\">\r\n\t\t\t\t\t\t\t\t<ul>\r\n\t\t\t\t\t\t\t<li data-dppec-event=\"944\"><span>All Day<\/span><h4>Fundaci\u00f3n del colegio de San Rafael, Ver. 1995.<\/h4><div class=\"dp_pec_clear\"><\/div><\/li>\r\n\t\t\t\t\t\t\t\t<\/ul>\r\n\t\t\t\t\t\t\t<\/div><\/div>\r\n\t\t\t\t\t\t<\/div>\r\n\t\t\t\t\t\t<div class=\"dp_pec_date dp_pec_date_friday   \" data-dppec-date=\"2021-08-13\">\r\n\t\t\t\t\t\t\t<div class=\"dp_pec_date_item\" ><div class=\"dp_special_date_dot\" ><\/div><div class=\"dp_date_head\"><span>13<\/span><\/div>\r\n\t\t\t\t\t\t\t<div class=\"pec_monthlyDisplayEvents\"><\/div>\r\n\t\t\t\t\t\t\t<\/div>\r\n\t\t\t\t\t\t<\/div>\r\n\t\t\t\t\t\t<div class=\"dp_pec_date dp_pec_date_saturday   \" data-dppec-date=\"2021-08-14\">\r\n\t\t\t\t\t\t\t<div class=\"dp_pec_date_item\" ><div class=\"dp_special_date_dot\" ><\/div><div class=\"dp_date_head\"><span>14<\/span><\/div>\r\n\t\t\t\t\t\t\t<div class=\"pec_monthlyDisplayEvents\"><\/div>\r\n\t\t\t\t\t\t\t<\/div>\r\n\t\t\t\t\t\t<\/div>\r\n\t\t\t\t\t\t<div class=\"dp_pec_date dp_pec_date_sunday pec_has_events first-child \" data-dppec-date=\"2021-08-15\">\r\n\t\t\t\t\t\t\t<div class=\"dp_pec_date_item\" ><div class=\"dp_special_date_dot\" ><\/div><div class=\"dp_date_head\"><span>15<\/span><\/div>\r\n\t\t\t\t\t\t\t<div class=\"pec_monthlyDisplayEvents\"><a class=\"dp_daily_event\" style=\"\" data-dppec-event=\"945\" href=\"#\"  data-dppec-date=\"2021-08-15\"><strong>All Day<\/strong><br>Asunci\u00f3n de Mar\u00eda<\/a><\/div>\r\n\t\t\t\t\t\t\t<span class=\"dp_count_events\" style=\"display:none\">1<\/span>\r\n\t\t\t\t\t\t\t<div class=\"eventsPreview\">\r\n\t\t\t\t\t\t\t\t<ul>\r\n\t\t\t\t\t\t\t<li data-dppec-event=\"945\"><span>All Day<\/span><h4>Asunci\u00f3n de Mar\u00eda<\/h4><div class=\"dp_pec_clear\"><\/div><\/li>\r\n\t\t\t\t\t\t\t\t<\/ul>\r\n\t\t\t\t\t\t\t<\/div><\/div>\r\n\t\t\t\t\t\t<\/div>\r\n\t\t\t\t\t\t<div class=\"dp_pec_date dp_pec_date_monday   \" data-dppec-date=\"2021-08-16\">\r\n\t\t\t\t\t\t\t<div class=\"dp_pec_date_item\" ><div class=\"dp_special_date_dot\" ><\/div><div class=\"dp_date_head\"><span>16<\/span><\/div>\r\n\t\t\t\t\t\t\t<div class=\"pec_monthlyDisplayEvents\"><\/div>\r\n\t\t\t\t\t\t\t<\/div>\r\n\t\t\t\t\t\t<\/div>\r\n\t\t\t\t\t\t<div class=\"dp_pec_date dp_pec_date_tuesday   \" data-dppec-date=\"2021-08-17\">\r\n\t\t\t\t\t\t\t<div class=\"dp_pec_date_item\" ><div class=\"dp_special_date_dot\" ><\/div><div class=\"dp_date_head\"><span>17<\/span><\/div>\r\n\t\t\t\t\t\t\t<div class=\"pec_monthlyDisplayEvents\"><\/div>\r\n\t\t\t\t\t\t\t<\/div>\r\n\t\t\t\t\t\t<\/div>\r\n\t\t\t\t\t\t<div class=\"dp_pec_date dp_pec_date_wednesday   \" data-dppec-date=\"2021-08-18\">\r\n\t\t\t\t\t\t\t<div class=\"dp_pec_date_item\" ><div class=\"dp_special_date_dot\" ><\/div><div class=\"dp_date_head\"><span>18<\/span><\/div>\r\n\t\t\t\t\t\t\t<div class=\"pec_monthlyDisplayEvents\"><\/div>\r\n\t\t\t\t\t\t\t<\/div>\r\n\t\t\t\t\t\t<\/div>\r\n\t\t\t\t\t\t<div class=\"dp_pec_date dp_pec_date_thursday   \" data-dppec-date=\"2021-08-19\">\r\n\t\t\t\t\t\t\t<div class=\"dp_pec_date_item\" ><div class=\"dp_special_date_dot\" ><\/div><div class=\"dp_date_head\"><span>19<\/span><\/div>\r\n\t\t\t\t\t\t\t<div class=\"pec_monthlyDisplayEvents\"><\/div>\r\n\t\t\t\t\t\t\t<\/div>\r\n\t\t\t\t\t\t<\/div>\r\n\t\t\t\t\t\t<div class=\"dp_pec_date dp_pec_date_friday   \" data-dppec-date=\"2021-08-20\">\r\n\t\t\t\t\t\t\t<div class=\"dp_pec_date_item\" ><div class=\"dp_special_date_dot\" ><\/div><div class=\"dp_date_head\"><span>20<\/span><\/div>\r\n\t\t\t\t\t\t\t<div class=\"pec_monthlyDisplayEvents\"><\/div>\r\n\t\t\t\t\t\t\t<\/div>\r\n\t\t\t\t\t\t<\/div>\r\n\t\t\t\t\t\t<div class=\"dp_pec_date dp_pec_date_saturday   \" data-dppec-date=\"2021-08-21\">\r\n\t\t\t\t\t\t\t<div class=\"dp_pec_date_item\" ><div class=\"dp_special_date_dot\" ><\/div><div class=\"dp_date_head\"><span>21<\/span><\/div>\r\n\t\t\t\t\t\t\t<div class=\"pec_monthlyDisplayEvents\"><\/div>\r\n\t\t\t\t\t\t\t<\/div>\r\n\t\t\t\t\t\t<\/div>\r\n\t\t\t\t\t\t<div class=\"dp_pec_date dp_pec_date_sunday  first-child \" data-dppec-date=\"2021-08-22\">\r\n\t\t\t\t\t\t\t<div class=\"dp_pec_date_item\" ><div class=\"dp_special_date_dot\" ><\/div><div class=\"dp_date_head\"><span>22<\/span><\/div>\r\n\t\t\t\t\t\t\t<div class=\"pec_monthlyDisplayEvents\"><\/div>\r\n\t\t\t\t\t\t\t<\/div>\r\n\t\t\t\t\t\t<\/div>\r\n\t\t\t\t\t\t<div class=\"dp_pec_date dp_pec_date_monday   \" data-dppec-date=\"2021-08-23\">\r\n\t\t\t\t\t\t\t<div class=\"dp_pec_date_item\" ><div class=\"dp_special_date_dot\" ><\/div><div class=\"dp_date_head\"><span>23<\/span><\/div>\r\n\t\t\t\t\t\t\t<div class=\"pec_monthlyDisplayEvents\"><\/div>\r\n\t\t\t\t\t\t\t<\/div>\r\n\t\t\t\t\t\t<\/div>\r\n\t\t\t\t\t\t<div class=\"dp_pec_date dp_pec_date_tuesday   \" data-dppec-date=\"2021-08-24\">\r\n\t\t\t\t\t\t\t<div class=\"dp_pec_date_item\" ><div class=\"dp_special_date_dot\" ><\/div><div class=\"dp_date_head\"><span>24<\/span><\/div>\r\n\t\t\t\t\t\t\t<div class=\"pec_monthlyDisplayEvents\"><\/div>\r\n\t\t\t\t\t\t\t<\/div>\r\n\t\t\t\t\t\t<\/div>\r\n\t\t\t\t\t\t<div class=\"dp_pec_date dp_pec_date_wednesday   \" data-dppec-date=\"2021-08-25\">\r\n\t\t\t\t\t\t\t<div class=\"dp_pec_date_item\" ><div class=\"dp_special_date_dot\" ><\/div><div class=\"dp_date_head\"><span>25<\/span><\/div>\r\n\t\t\t\t\t\t\t<div class=\"pec_monthlyDisplayEvents\"><\/div>\r\n\t\t\t\t\t\t\t<\/div>\r\n\t\t\t\t\t\t<\/div>\r\n\t\t\t\t\t\t<div class=\"dp_pec_date dp_pec_date_thursday   \" data-dppec-date=\"2021-08-26\">\r\n\t\t\t\t\t\t\t<div class=\"dp_pec_date_item\" ><div class=\"dp_special_date_dot\" ><\/div><div class=\"dp_date_head\"><span>26<\/span><\/div>\r\n\t\t\t\t\t\t\t<div class=\"pec_monthlyDisplayEvents\"><\/div>\r\n\t\t\t\t\t\t\t<\/div>\r\n\t\t\t\t\t\t<\/div>\r\n\t\t\t\t\t\t<div class=\"dp_pec_date dp_pec_date_friday   \" data-dppec-date=\"2021-08-27\">\r\n\t\t\t\t\t\t\t<div class=\"dp_pec_date_item\" ><div class=\"dp_special_date_dot\" ><\/div><div class=\"dp_date_head\"><span>27<\/span><\/div>\r\n\t\t\t\t\t\t\t<div class=\"pec_monthlyDisplayEvents\"><\/div>\r\n\t\t\t\t\t\t\t<\/div>\r\n\t\t\t\t\t\t<\/div>\r\n\t\t\t\t\t\t<div class=\"dp_pec_date dp_pec_date_saturday   \" data-dppec-date=\"2021-08-28\">\r\n\t\t\t\t\t\t\t<div class=\"dp_pec_date_item\" ><div class=\"dp_special_date_dot\" ><\/div><div class=\"dp_date_head\"><span>28<\/span><\/div>\r\n\t\t\t\t\t\t\t<div class=\"pec_monthlyDisplayEvents\"><\/div>\r\n\t\t\t\t\t\t\t<\/div>\r\n\t\t\t\t\t\t<\/div>\r\n\t\t\t\t\t\t<div class=\"dp_pec_date dp_pec_date_sunday  first-child \" data-dppec-date=\"2021-08-29\">\r\n\t\t\t\t\t\t\t<div class=\"dp_pec_date_item\" ><div class=\"dp_special_date_dot\" ><\/div><div class=\"dp_date_head\"><span>29<\/span><\/div>\r\n\t\t\t\t\t\t\t<div class=\"pec_monthlyDisplayEvents\"><\/div>\r\n\t\t\t\t\t\t\t<\/div>\r\n\t\t\t\t\t\t<\/div>\r\n\t\t\t\t\t\t<div class=\"dp_pec_date dp_pec_date_monday pec_has_events  \" data-dppec-date=\"2021-08-30\">\r\n\t\t\t\t\t\t\t<div class=\"dp_pec_date_item\" ><div class=\"dp_special_date_dot\" ><\/div><div class=\"dp_date_head\"><span>30<\/span><\/div>\r\n\t\t\t\t\t\t\t<div class=\"pec_monthlyDisplayEvents\"><a class=\"dp_daily_event\" style=\"\" data-dppec-event=\"792\" href=\"#\"  data-dppec-date=\"2021-08-30\"><strong>12:00 am UTC+0<\/strong><br>Confirmaci\u00f3n de Nuestro Padre Fundador&hellip;<\/a><a class=\"dp_daily_event\" style=\"\" data-dppec-event=\"799\" href=\"#\"  data-dppec-date=\"2021-08-30\">La sagrada congregaci\u00f3n de religiosos&hellip;<\/a><\/div>\r\n\t\t\t\t\t\t\t<span class=\"dp_count_events\" style=\"display:none\">2<\/span>\r\n\t\t\t\t\t\t\t<div class=\"eventsPreview\">\r\n\t\t\t\t\t\t\t\t<ul>\r\n\t\t\t\t\t\t\t<li data-dppec-event=\"792\"><span>12:00 am<\/span><h4>Confirmaci\u00f3n de Nuestro Padre Fundador Edmundo Iturbide Reygondaud, 1903.<\/h4><div class=\"dp_pec_clear\"><\/div>\t<div class=\"dp_pec_preview_photo\" style=\"background-image: url(https:\/\/hermanasdelaveracruz.avir.consulting\/wp-content\/uploads\/2021\/08\/N_P14-186x300.jpg);\"><\/div><\/li><li data-dppec-event=\"799\"><h4>La sagrada congregaci\u00f3n de religiosos expidi\u00f3 el decreto de S.S. Juan XXIII,<\/h4><div class=\"dp_pec_clear\"><\/div>\t<div class=\"dp_pec_preview_photo\" style=\"background-image: url(https:\/\/hermanasdelaveracruz.avir.consulting\/wp-content\/uploads\/2021\/08\/juan_xxiii_2-300x275.jpg);\"><\/div><\/li>\r\n\t\t\t\t\t\t\t\t<\/ul>\r\n\t\t\t\t\t\t\t<\/div><\/div>\r\n\t\t\t\t\t\t<\/div>\r\n\t\t\t\t\t\t<div class=\"dp_pec_date dp_pec_date_tuesday   \" data-dppec-date=\"2021-08-31\">\r\n\t\t\t\t\t\t\t<div class=\"dp_pec_date_item\" ><div class=\"dp_special_date_dot\" ><\/div><div class=\"dp_date_head\"><span>31<\/span><\/div>\r\n\t\t\t\t\t\t\t<div class=\"pec_monthlyDisplayEvents\"><\/div>\r\n\t\t\t\t\t\t\t<\/div>\r\n\t\t\t\t\t\t<\/div>\r\n\t\t\t\t\t\t\t<div class=\"dp_pec_date disabled \">\r\n\t\t\t\t\t\t\t\t<div class=\"dp_pec_date_item\"><div class=\"dp_date_head\"><span>01<\/span><\/div><\/div>\r\n\t\t\t\t\t\t\t<\/div>\r\n\t\t\t\t\t\t\t<div class=\"dp_pec_date disabled \">\r\n\t\t\t\t\t\t\t\t<div class=\"dp_pec_date_item\"><div class=\"dp_date_head\"><span>02<\/span><\/div><\/div>\r\n\t\t\t\t\t\t\t<\/div>\r\n\t\t\t\t\t\t\t<div class=\"dp_pec_date disabled \">\r\n\t\t\t\t\t\t\t\t<div class=\"dp_pec_date_item\"><div class=\"dp_date_head\"><span>03<\/span><\/div><\/div>\r\n\t\t\t\t\t\t\t<\/div>\r\n\t\t\t\t\t\t\t<div class=\"dp_pec_date disabled \">\r\n\t\t\t\t\t\t\t\t<div class=\"dp_pec_date_item\"><div class=\"dp_date_head\"><span>04<\/span><\/div><\/div>\r\n\t\t\t\t\t\t\t<\/div><\/div>\r\n\t\t\t\t<div class=\"dp_pec_clear\"><\/div><\/div><\/div><\/div>\t\t\t\t\t\t\t\t<\/div>\n\t\t\t\t<\/div>\n\t\t\t\t\t<\/div>\n\t\t<\/div>\n\t\t\t\t\t<\/div>\n\t\t<\/section>\n\t\t\t\t<section class=\"elementor-section elementor-top-section elementor-element elementor-element-3df33b4 elementor-section-boxed elementor-section-height-default elementor-section-height-default parallax_section_no qode_elementor_container_no\" data-id=\"3df33b4\" data-element_type=\"section\" data-e-type=\"section\">\n\t\t\t\t\t\t<div class=\"elementor-container elementor-column-gap-default\">\n\t\t\t\t\t<div class=\"elementor-column elementor-col-100 elementor-top-column elementor-element elementor-element-04e041c\" data-id=\"04e041c\" data-element_type=\"column\" data-e-type=\"column\">\n\t\t\t<div class=\"elementor-widget-wrap\">\n\t\t\t\t\t\t\t<\/div>\n\t\t<\/div>\n\t\t\t\t\t<\/div>\n\t\t<\/section>\n\t\t\t\t<\/div>\n\t\t","protected":false},"excerpt":{"rendered":"iCalEneroFebreroMarzoAbrilMayoJunioJulioAgostoSeptiembreOctubreNoviembreDiciembre202420252026202720282029HOYAgosto 23, 2021HOY22 - 28 Agosto, 2021List View Sunday Monday Tuesday Wednesday Thursday Friday Saturday 01 02 03 04 05 06 All DayTransfiguraci\u00f3n del Se\u00f1or 1 All DayTransfiguraci\u00f3n del Se\u00f1or 07 08 09 10 11 12 All DayFundaci\u00f3n del colegio de San&hellip; 1 All DayFundaci\u00f3n...","protected":false},"author":1,"featured_media":0,"parent":0,"menu_order":0,"comment_status":"closed","ping_status":"closed","template":"","meta":{"footnotes":""},"class_list":["post-760","page","type-page","status-publish","hentry"],"_links":{"self":[{"href":"https:\/\/hermanasdelaveracruz.avir.consulting\/index.php?rest_route=\/wp\/v2\/pages\/760"}],"collection":[{"href":"https:\/\/hermanasdelaveracruz.avir.consulting\/index.php?rest_route=\/wp\/v2\/pages"}],"about":[{"href":"https:\/\/hermanasdelaveracruz.avir.consulting\/index.php?rest_route=\/wp\/v2\/types\/page"}],"author":[{"embeddable":true,"href":"https:\/\/hermanasdelaveracruz.avir.consulting\/index.php?rest_route=\/wp\/v2\/users\/1"}],"replies":[{"embeddable":true,"href":"https:\/\/hermanasdelaveracruz.avir.consulting\/index.php?rest_route=%2Fwp%2Fv2%2Fcomments&post=760"}],"version-history":[{"count":5,"href":"https:\/\/hermanasdelaveracruz.avir.consulting\/index.php?rest_route=\/wp\/v2\/pages\/760\/revisions"}],"predecessor-version":[{"id":1630,"href":"https:\/\/hermanasdelaveracruz.avir.consulting\/index.php?rest_route=\/wp\/v2\/pages\/760\/revisions\/1630"}],"wp:attachment":[{"href":"https:\/\/hermanasdelaveracruz.avir.consulting\/index.php?rest_route=%2Fwp%2Fv2%2Fmedia&parent=760"}],"curies":[{"name":"wp","href":"https:\/\/api.w.org\/{rel}","templated":true}]}}